.
23
What is the greatest common factor of 149999 and 122?
61
What is the greatest common factor of 4160 and 291356?
52
Calculate the greatest common divisor of 805383 and 326.
163
What is the highest common factor of 10 and 2385?
5
What is the highest common divisor of 48511 and 556?
139
What is the highest common divisor of 6 and 5179797?
3
Calculate the highest common factor of 60 and 50670.
30
What is the highest common factor of 22733 and 358?
179
What is the highest common factor of 271313 and 904?
113
What is the greatest common factor of 550 and 2354?
22
What is the highest common divisor of 77233 and 10968?
457
Calculate the greatest common factor of 33110 and 1386.
154
What is the greatest common divisor of 592 and 259?
37
What is the greatest common factor of 514 and 3802829?
257
Calculate the highest common divisor of 281684 and 260.
52
Calculate the highest common divisor of 45 and 2604150.
45
What is the greatest common factor of 198094 and 988?
494
Calculate the highest common divisor of 276 and 68264.
92
What is the greatest common factor of 138 and 44482?
46
What is the highest common divisor of 31179 and 114?
57
What is the greatest common divisor of 2539341 and 17?
17
Calculate the highest common divisor of 1630 and 296986.
326
What is the greatest common divisor of 45 and 9915?
15
Calculate the greatest common factor of 148500 and 792.
396
What is the greatest common divisor of 145 and 35757?
29
Calculate the highest common divisor of 66 and 77022.
66
What is the greatest common divisor of 1043900 and 3300?
1100
What is the highest common divisor of 9 and 1106451?
9
What is the highest common divisor of 24 and 493704?
24
What is the highest common factor of 428015 and 980?
245
What is the greatest common factor of 50 and 198060?
10
Calculate the greatest common divisor of 5645200 and 550.
550
What is the highest common factor of 380 and 149620?
20
What is the greatest common divisor of 50 and 395960?
10
What is the greatest common divisor of 1415 and 45?
5
Calculate the highest common divisor of 130 and 8290.
10
What is the highest common factor of 19752 and 1308?
12
What is the highest common divisor of 21586 and 753?
251
Calculate the greatest common factor of 23246 and 354.
118
What is the highest common factor of 86997 and 564?
141
Calculate the greatest common divisor of 4631 and 33259.
421
Calculate the highest common divisor of 56862 and 234.
234
Calculate the greatest common factor of 1008 and 311088.
48
What is the highest common divisor of 4396 and 320123?
157
Calculate the highest common factor of 4175 and 1503.
167
What is the greatest common factor of 89 and 13471?
1
Calculate the highest common divisor of 960311 and 469.
67
Calculate the greatest common divisor of 444980 and 40.
20
Calculate the greatest common factor of 234813 and 1044.
87
Calculate the greatest common factor of 13952 and 7808.
128
Calculate the highest common factor of 4095582 and 6.
6
What is the greatest common divisor of 7123 and 1734?
17
Calculate the highest common factor of 10700 and 123100.
100
What is the highest common divisor of 164451 and 4584?
573
What is the highest common divisor of 57929 and 106?
53
Calculate the greatest common factor of 149940 and 820.
20
Calculate the highest common divisor of 81 and 17229.
3
What is the highest common factor of 3700 and 301624?
148
Calculate the greatest common divisor of 338770 and 70.
10
What is the greatest common divisor of 33388 and 442?
34
What is the highest common divisor of 6 and 11733?
3
Calculate the highest common factor of 118280 and 20.
20
Calculate the highest common divisor of 6248 and 3696.
88
What is the highest common divisor of 14002 and 4?
2
What is the greatest common divisor of 287 and 140056?
287
What is the greatest common factor of 4208 and 57334?
526
Calculate the highest common divisor of 25 and 13675.
25
What is the highest common divisor of 93129 and 26848?
839
What is the greatest common factor of 2280 and 21432?
456
What is the highest common divisor of 228 and 265791?
57
What is the greatest common factor of 10525 and 100?
25
Calculate the greatest common divisor of 96 and 26912.
32
What is the highest common factor of 148 and 19166?
74
Calculate the highest common factor of 216 and 2439.
9
What is the highest common factor of 242178 and 892?
446
Calculate the greatest common divisor of 5244 and 29260.
76
Calculate the greatest common factor of 21029 and 68.
17
What is the highest common factor of 42969 and 9?
3
What is the highest common divisor of 5299 and 14?
7
What is the highest common divisor of 416 and 367904?
32
What is the highest common factor of 1298 and 594?
22
What is the greatest common divisor of 13790 and 560?
70
Calculate the highest common divisor of 89815 and 460.
115
What is the highest common divisor of 119 and 2513?
7
Calculate the highest common factor of 8561 and 2151257.
1223
What is the greatest common factor of 101582 and 78?
26
Calculate the highest common divisor of 436 and 3168.
4
Calculate the greatest common factor of 2730 and 147000.
210
What is the greatest common divisor of 578102 and 833?
833
What is the greatest common divisor of 473844 and 420?
84
What is the greatest common divisor of 8 and 137906?
2
Calculate the highest common divisor of 2190024 and 270.
54
What is the greatest common factor of 798 and 336?
42
Calculate the highest common factor of 1275 and 5712.
51
Calculate the greatest common factor of 3620 and 5611.
181
Calculate the greatest common divisor of 12304 and 242.
2
What is the greatest common divisor of 88 and 525030?
22
What is the greatest common factor of 183 and 3847575?
183
Calculate the highest common factor of 17803 and 437.
19
Calculate the highest common factor of 8007 and 51.
51
Calculate the greatest common divisor of 260 and 4355.
65
Calculate the greatest common divisor of 10 and 1222070.
10
Calculate the greatest common factor of 108 and 34812.
36
What is the greatest common factor of 519 and 9229377?
519
What is the highest common factor of 12769 and 71868?
113
What is the highest common factor of 144 and 11332368?
144
Calculate the highest common factor of 1529814 and 6006.
858
What is the highest common factor of 72718 and 27887?
353
Calculate the highest common factor of 3535 and 4746.
7
Calculate the highest common factor of 630 and 9725310.
630
Calculate the highest common divisor of 1095 and 13035.
15
Calculate the greatest common factor of 15 and 252165.
15
What is the highest common factor of 276789 and 771?
771
Calculate the greatest common factor of 276 and 613502.
46
What is the greatest common divisor of 11125 and 125?
125
What is the greatest common divisor of 36150 and 8950?
50
What is the greatest common divisor of 12367905 and 759?
759
Calculate the highest common divisor of 376 and 52969.
47
What is the highest common divisor of 387 and 666414?
387
What is the greatest common factor of 847 and 5687?
121
Calculate the highest common divisor of 170 and 2690.
10
Calculate the highest common factor of 1370413 and 4503.
1501
Calculate the greatest common factor of 896 and 1129184.
224
Calculate the greatest common divisor of 18 and 137534.
2
What is the greatest common factor of 45 and 917160?
15
Calculate the highest common factor of 1127 and 7987.
49
What is the highest common factor of 30081 and 2981?
271
What is the greatest common factor of 18348 and 498?
6
What is the greatest common factor of 60599 and 77?
77
Calculate the greatest common divisor of 27671 and 236.
59
Calculate the highest common factor of 55 and 51215.
5
Calculate the highest common factor of 13 and 767.
13
Calculate the greatest common factor of 253 and 6509.
23
What is the greatest common factor of 696 and 9768?
24
What is the highest common divisor of 3295666 and 11?
11
Calculate the highest common factor of 62725 and 325.
325
Calculate the highest common divisor of 74641 and 133.
7
Calculate the greatest common factor of 61435 and 110.
55
What is the greatest common divisor of 2610 and 1304130?
870
What is the highest common divisor of 5790 and 330?
30
Calculate the greatest common factor of 2939560 and 520.
520
Calculate the greatest common factor of 31568 and 64.
16
Calculate the greatest c